is the tens digit of 5854?
5
What is the units digit of 1238?
8
What is the ten thousands digit of 15819?
1
What is the tens digit of 3879?
7
What is the hundreds digit of 35698?
6
What is the thousands digit of 5702?
5
What is the tens digit of 5527?
2
What is the units digit of 15149?
9
What is the hundreds digit of 2861?
8
What is the hundreds digit of 145?
1
What is the hundreds digit of 3365?
3
What is the thousands digit of 148358?
8
What is the units digit of 2206?
6
What is the hundreds digit of 22026?
0
What is the tens digit of 6893?
9
What is the hundreds digit of 12750?
7
What is the thousands digit of 65071?
5
What is the tens digit of 4334?
3
What is the thousands digit of 1779?
1
What is the thousands digit of 11675?
1
What is the hundreds digit of 800?
8
What is the hundreds digit of 53059?
0
What is the units digit of 23589?
9
What is the units digit of 1192?
2
What is the tens digit of 3573?
7
What is the ten thousands digit of 32179?
3
What is the units digit of 164?
4
What is the units digit of 207?
7
What is the units digit of 8148?
8
What is the hundreds digit of 9153?
1
What is the units digit of 4151?
1
What is the thousands digit of 4743?
4
What is the thousands digit of 2704?
2
What is the tens digit of 33432?
3
What is the thousands digit of 6575?
6
What is the ten thousands digit of 18335?
1
What is the units digit of 10750?
0
What is the tens digit of 1363?
6
What is the units digit of 1213?
3
What is the hundreds digit of 60745?
7
What is the tens digit of 4630?
3
What is the units digit of 23845?
5
What is the tens digit of 801?
0
What is the hundreds digit of 3901?
9
What is the thousands digit of 36418?
6
What is the units digit of 12468?
8
What is the tens digit of 18094?
9
What is the units digit of 26179?
9
What is the units digit of 2273?
3
What is the hundred thousands digit of 147302?
1
What is the thousands digit of 1251?
1
What is the tens digit of 3910?
1
What is the ten thousands digit of 26672?
2
What is the tens digit of 95?
9
What is the tens digit of 1596?
9
What is the thousands digit of 5476?
5
What is the hundreds digit of 76747?
7
What is the tens digit of 15664?
6
What is the tens digit of 103241?
4
What is the units digit of 1745?
5
What is the hundreds digit of 21861?
8
What is the ten thousands digit of 17153?
1
What is the thousands digit of 1332?
1
What is the tens digit of 6377?
7
What is the hundreds digit of 394?
3
What is the hundreds digit of 8340?
3
What is the tens digit of 163?
6
What is the thousands digit of 2046?
2
What is the units digit of 324?
4
What is the thousands digit of 1561?
1
What is the units digit of 9287?
7
What is the units digit of 80?
0
What is the ten thousands digit of 95234?
9
What is the tens digit of 125679?
7
What is the hundreds digit of 2628?
6
What is the tens digit of 4220?
2
What is the tens digit of 9900?
0
What is the tens digit of 1549?
4
What is the ten thousands digit of 27506?
2
What is the units digit of 47554?
4
What is the hundreds digit of 1247?
2
What is the hundreds digit of 156?
1
What is the tens digit of 13382?
8
What is the thousands digit of 9901?
9
What is the hundreds digit of 2700?
7
What is the ten thousands digit of 50661?
5
What is the hundreds digit of 53199?
1
What is the ten thousands digit of 36899?
3
What is the ten thousands digit of 11984?
1
What is the tens digit of 1932?
3
What is the tens digit of 51861?
6
What is the hundreds digit of 234?
2
What is the hundreds digit of 45468?
4
What is the units digit of 10706?
6
What is the hundreds digit of 221?
2
What is the units digit of 178155?
5
What is the units digit of 24485?
5
What is the units digit of 44705?
5
What is the thousands digit of 7085?
7
What is the thousands digit of 109982?
9
What is the ten thousands digit of 192401?
9
What is the thousands digit of 1583?
1
What is the tens digit of 22?
2
What is the hundreds digit of 5486?
4
What is the hundreds digit of 1156?
1
What is the tens digit of 291?
9
What is the thousands digit of 3619?
3
What is the hundred thousands digit of 115571?
1
What is the units digit of 672?
2
What is the thousands digit of 8588?
8
What is the units digit of 1055?
5
What is the hundreds digit of 9806?
8
What is the tens digit of 1103?
0
What is the units digit of 30321?
1
What is the tens digit of 8421?
2
What is the hundreds digit of 6237?
2
What is the ten thousands digit of 51224?
5
What is the thousands digit of 43132?
3
What is the tens digit of 36574?
7
What is the units digit of 4715?
5
What is the hundreds digit of 5893?
8
What is the hundreds digit of 7964?
9
What is the thousands digit of 15876?
5
What is the units digit of 1483?
3
What is the units digit of 36231?
1
What is the tens digit of 6679?
7
What is the units digit of 35425?
5
What is the thousands digit of 14556?
4
What is the thousands digit of 5887?
5
What is the hundreds digit of 43935?
9
What is the thousands digit of 12921?
2
What is the tens digit of 706?
0
What is the units digit of 3183?
3
What is the units digit of 181195?
5
What is the units digit of 4406?
6
What is the hundreds digit of 45293?
2
What is the tens digit of 7137?
3
What is the thousands digit of 2563?
2
What is the units digit of 4843?
3
What is the hundreds digit of 1208?
2
What is the tens digit of 23?
2
What is the tens digit of 1205?
0
What is the thousands digit of 34690?
4
What is the hundreds digit of 822?
8
What is the hundreds digit of 50603?
6
What is the tens digit of 1088?
8
What is the ten thousands digit of 28037?
2
What is the thousands digit of 1070?
1
What is the hundreds digit of 17865?
8
What is the hundreds digit of 86230?
2
What is the thousands digit of 6108?
6
What is the tens digit of 7321?
2
What is the tens digit of 4288?
8
What is the units digit of 5706?
6
What is the thousands digit of 4479?
4
What is the hundred thousands digit of 100490?
1
What is the thousands digit of 2720?
2
What is the thousands digit of 14133?
4
What is the thousands digit of 4158?
4
What is the ten thousands digit of 21835?
2
What is the ten thousands digit of 11352?
1
What is the hundreds digit of 9210?
2
What is the thousands digit of 1805?
1
What is the units digit of 37915?
5
What is the hundreds digit of 12653?
6
What is the tens digit of 5665?
6
What is the units digit of 652?
2
What is the tens digit of 27?
2
What is the tens digit of 118?
1
What is the units digit of 124761?
1
What is the units digit of 1643?
3
What is the ten thousands digit of 11121?
1
What is the tens digit of 3436?
3
What is the tens digit of 324?
2
What is the hundreds digit of 717?
7
What is the tens digit of 4174?
7
What is the units digit of 47367?
7
What is the hundreds digit of 587?
5
What is the tens digit of 208?
0
What is the hundreds digit of 1035?
0
What is the tens digit of 9455?
5
What is the tens digit of 127763?
6
What is the tens digit of 920?
2
What is the thousands digit of 25740?
5
What is the hundreds digit of 818?
8
What is the hundreds digit of 11211?
2
What is the tens digit of 611?
1
What is the hundreds digit of 757?
7
What is the tens digit of 416?
1
What is the units digit of 210?
0
What is the tens digit of 3069?
6
What is the hundreds digit of 46184?
1
What is the hundreds digit of 3930?
9
What is the hundreds digit of 319?
3
What is the tens digit of 24647?
4
What is the thousands digit of 5968?
5
What is the hundreds digit of 51421?
4
What is the hundreds digit of 1128?
1
What is the tens digit of 22818?
1
What is the ten thousands digit of 17130?
1
What is the units digit of 5356?
6
What is the thousands digit of 2834?
2
What is the tens digit of 19301?
0
What is the units digit of 14307?
7
What is the units digit of 3352?
2
What is the tens digit of 21014?
1
What is the ten thousands digit of 13926?
1
What is the thousands digit of 15991?
5
What is the tens digit of 118405?
0
What is the units digit of 135070?
0
What is the units digit of 10175?
5
What is the tens digit of 9328?
2
What is the tens digit of 4597?
9
What is the units digit of 3577?
7
What is the tens digit of 637?
3
What is the tens digit of 14423?
2
What is the thousands digit of 13892?
3
What is the thousands digit of 5222?
5
What is the tens digit of 1062?
6
What is the units digit of 12870?
0
What is 